s 2 + 11a?
11c
In base 13, what is -37 + -a?
-44
In base 5, what is 3333 + 1?
3334
In base 3, what is -122 - 1120?
-2012
In base 14, what is 5 - 54?
-4d
In base 11, what is -3 - -7a0?
798
In base 14, what is 6 - 19?
-13
In base 14, what is 15 - -72?
87
In base 5, what is -2 + -4004?
-4011
In base 3, what is -21 - -1121?
1100
In base 16, what is 10 + a8?
b8
In base 2, what is -100 + 1010100?
1010000
In base 16, what is -112 + 0?
-112
In base 13, what is -3 - 48?
-4b
In base 4, what is 11 + 13?
30
In base 14, what is -2 - 1879?
-187b
In base 10, what is -8 - -1188?
1180
In base 11, what is -22 + -21?
-43
In base 16, what is -50c + 5?
-507
In base 13, what is 3 + 92?
95
In base 5, what is -3 + -22204?
-22212
In base 5, what is 1 - -1033?
1034
In base 3, what is -112 + -2012?
-2201
In base 7, what is 22 - 20?
2
In base 2, what is 11 + 1100101101101?
1100101110000
In base 11, what is 2 + -54?
-52
In base 8, what is -76 - 2?
-100
In base 3, what is -1122 - -2?
-1120
In base 5, what is 3 + 334?
342
In base 14, what is -75 + -49?
-c0
In base 16, what is 25 + -15?
10
In base 11, what is -3 - -8?
5
In base 16, what is 4c - 2?
4a
In base 11, what is -1 - -a02?
a01
In base 5, what is 14 - 1303?
-1234
In base 6, what is -32 + -20?
-52
In base 7, what is -430 + 0?
-430
In base 7, what is 2465 - -44?
2542
In base 12, what is -5 - 125?
-12a
In base 13, what is b - -38?
46
In base 8, what is -72 - -222?
130
In base 8, what is -55265 - -3?
-55262
In base 7, what is 410 + 16?
426
In base 16, what is c - -12?
1e
In base 11, what is -4 - 90?
-94
In base 16, what is 6a + 0?
6a
In base 4, what is -21303 + 1?
-21302
In base 15, what is 7d + -a?
73
In base 9, what is -14 + -171?
-185
In base 13, what is 6 - -30?
36
In base 6, what is 13 - 35?
-22
In base 11, what is 495 - -6?
4a0
In base 16, what is -1 - -2e?
2d
In base 16, what is 9d + -12?
8b
In base 9, what is 4 - 228?
-224
In base 3, what is 10 + -102?
-22
In base 4, what is 3 - -32003?
32012
In base 10, what is -2 + -2178?
-2180
In base 10, what is 0 + 219?
219
In base 2, what is 100110 - -100010?
1001000
In base 15, what is 4 + -28?
-24
In base 9, what is -45 - -15?
-30
In base 4, what is -3 - -133?
130
In base 10, what is 167 - 6?
161
In base 15, what is -3 - 13?
-16
In base 9, what is 30 - -5?
35
In base 2, what is -11110100101 + -11?
-11110101000
In base 8, what is 275 + -3?
272
In base 14, what is -71 + -5?
-76
In base 16, what is 7d - 2?
7b
In base 9, what is -22 + 25?
3
In base 15, what is 3 + -18?
-15
In base 3, what is 221110 - -11?
221121
In base 12, what is 3 + 9b?
a2
In base 10, what is -2 + -161?
-163
In base 7, what is -135 - 3?
-141
In base 15, what is 2295 - -3?
2298
In base 9, what is 0 + -145?
-145
In base 5, what is 30 - -3?
33
In base 13, what is a1 + -138?
-67
In base 6, what is 0 - 1400?
-1400
In base 2, what is 100010111 - -11?
100011010
In base 3, what is 1110211 + -22?
1110112
In base 12, what is -5 - -3b77?
3b72
In base 5, what is -130 - 2401?
-3031
In base 2, what is 111010 + -101?
110101
In base 2, what is 10 + 1100000100110?
1100000101000
In base 13, what is 49 - -13?
5c
In base 8, what is -2 - 141?
-143
In base 3, what is 0 + 122100?
122100
In base 11, what is -3a + -3?
-42
In base 8, what is -42 + -3?
-45
In base 12, what is 384 - -4?
388
In base 3, what is -120 - 120210?
-121100
In base 14, what is 4 - -7cb?
7d1
In base 13, what is 2 - 51?
-4c
In base 3, what is 1 + -10110?
-10102
In base 13, what is 7 - 53?
-49
In base 11, what is -12 - a2?
-104
In base 8, what is 70 - -41?
131
In base 11, what is -1 + -17a?
-180
In base 5, what is -4 - -320?
311
In base 9, what is 4 - 561?
-556
In base 16, what is 3 + -80d?
-80a
In base 8, what is -45 - -2?
-43
In base 8, what is 103 + -2?
101
In base 4, what is 3 + -220?
-211
In base 4, what is 222 + 0?
222
In base 8, what is 605 - 4?
601
In base 6, what is -11 - -13243?
13232
In base 11, what is 5 + 1a?
24
In base 8, what is -33 - -14?
-17
In base 7, what is 51 + 1?
52
In base 15, what is 82 - -3?
85
In base 7, what is -146 + 4?
-142
In base 10, what is 2 - 1685?
-1683
In base 9, what is -12 - -61?
48
In base 6, what is 130 + -2?
124
In base 13, what is 2 + -719?
-717
In base 4, what is 30001 - -22?
30023
In base 11, what is -5 - 5?
-a
In base 11, what is -5 - -69?
64
In base 12, what is 0 - -1548?
1548
In base 4, what is 21013 - 0?
21013
In base 2, what is 100111000011 - 101?
100110111110
In base 15, what is -7595 - 5?
-759a
In base 13, what is 4810 - -4?
4814
In base 4, what is -11 + 1320?
1303
In base 10, what is 4 - -38?
42
In base 12, what is 24 - -1?
25
In base 12, what is 27 + -35?
-a
In base 14, what is -63 - 5?
-68
In base 7, what is 5 - 115?
-110
In base 11, what is 0 + 919?
919
In base 9, what is 625 - 0?
625
In base 7, what is -5 + -151?
-156
In base 12, what is -231 + 20?
-211
In base 15, what is -7 - -12?
a
In base 12, what is 28 - -18?
44
In base 4, what is 1 + -23?
-22
In base 6, what is 1231 + 42?
1313
In base 2, what is -111 + 101?
-10
In base 10, what is -7 - 55?
-62
In base 5, what is 100 + 2?
102
In base 13, what is -1562 - 5?
-1567
In base 2, what is 110010000 + 101?
110010101
In base 3, what is 1110012 + 10?
1110022
In base 5, what is 121 - 3?
113
In base 4, what is -11 - -312202?
312131
In base 8, what is 4402 + -3?
4377
In base 9, what is 22 - 1?
21
In base 5, what is -3120 - -1?
-3114
In base 6, what is -1105 + -2?
-1111
In base 15, what is 7 + 1494?
149b
In base 12, what is -3 + 487?
484
In base 9, what is 265 + -3?
262
In base 11, what is 16 + 24?
3a
In base 9, what is -21 + -455?
-476
In base 6, what is -4 + 2111?
2103
In base 13, what is -3 + 1356?
1353
In base 2, what is 1100101 - -101?
1101010
In base 3, what is 1000 - 200?
100
In base 8, what is 115 + -70?
25
In base 4, what is -13 - 2?
-21
In base 8, what is -11522 + -4?
-11526
In base 9, what is -1312 - -3?
-1308
In base 14, what is d69 + 2?
d6b
In base 3, what is 2 - -2210?
2212
In base 3, what is -20220111 + 10?
-20220101
In base 16, what is 5 - 253?
-24e
In base 5, what is -4 + 1210?
1201
In base 12, what is -3009 + -3?
-3010
In base 14, what is -2 - 34?
-36
In base 8, what is 123 - 7?
114
In base 11, what is -2 - 1a8?
-1aa
In base 6, what is 5 + -1120?
-1111
In base 13, what is -8 - c?
-17
In base 13, what is 16 - 11?
5
In base 15, what is 7 - dd?
-d6
In base 12, what is 2 - 595?
-593
In base 16, what is -1c - 2b?
-47
In base 2, what is 10111 + 100111?
111110
In base 4, what is -1 - 22?
-23
In base 14, what is 120 - 5?
119
In base 5, what is 3 + -40?
-32
In base 15, what is -5 + 25?
20
In base 4, what is -110 - 32113?
-32223
In base 15, what is -74 + 2?
-72
In base 15, what is -909 - 4?
-90d
In base 14, what is -3 + 4b9?
4b6
In base 4, what is 303 + 100?
1003
In base 2, what is -11 + -110100100?
-110100111
In base 14, what is -161 + -48?
-1a9
In base 4, what is 11 + 230?
301
In base 4, what is 310211 + -2?
310203
In base 12, what is 2 + -b17?
-b15
In base 6, what is 20 + -11?
5
In base 6, what is 134 - 354?
-220
In base 15, what is 19 - 5?
14
In base 14, what is 2d17 - 4?
2d13
In base 8, what is 3 + -65?
-62
In base 12, what is a - 8?
2
In base 5, what is 0 - -12324?
12324
In base 2, what is -1001111 + -1100011?
-10110010
In base 9, what is -12 + 1505?
1483
In base 5, what is 34342 - -1?
34343
In base 3, what is 101 - 11?
20
In base 15, what is -338 + 2?
-336
In base 2, what is -11010111 - -100?
-11010011
In base 12, what is b - -3?
12
In base 15, what is 7 + 7a5?
7ac
In base 13, what is -3 - 62?
-65
In base 12, what is -5 - -21a?
215
In base 5, what is -4 + -4404?
-4413
In base 16, what is -26b - 4?
-26f
In base 4, what is -123 - -102?
-21
In base 7, what is 206 + -12?
164
In base 9, what is -58 + 31?
-27
In base 2, what is 1010101 - 1001111?
110
In base 13, what is 95 - -c?
a4
In base 12, what is 3 - -41?
44
In base 6, what is -4 + 14?
10
In base 10, what is 0 - -162?
162
In base 16, what is 1e + -10?
e
In base 7, what is 0 - -14261?
14261
In base 14, what is -64 + -a?
-70
In base 10, what is 77 - 3?
74
In base 12, what is -1 - 12b0?
-12b1
In base 12, what is 2 + -103?
-101
In base 4, what is -30 - 1?
-31
In base 5, what is 200 + 0?
200
In base 11, what is -4 - 167?
-170
In base 13, what is -2a + 9?
-21
In base 9, what is 276 - 23?
253
In base 10, w